 when 2601 is divided by 21?
18
Calculate the remainder when 105 is divided by 26.
1
Calculate the remainder when 660 is divided by 3.
0
What is the remainder when 1076 is divided by 213?
11
Calculate the remainder when 25 is divided by 9.
7
Calculate the remainder when 33 is divided by 5.
3
Calculate the remainder when 5248 is divided by 150.
148
What is the remainder when 581 is divided by 36?
5
Calculate the remainder when 64 is divided by 63.
1
Calculate the remainder when 568 is divided by 151.
115
What is the remainder when 1354 is divided by 20?
14
What is the remainder when 398 is divided by 9?
2
Calculate the remainder when 239 is divided by 41.
34
What is the remainder when 1417 is divided by 11?
9
Calculate the remainder when 3333 is divided by 115.
113
What is the remainder when 2886 is divided by 59?
54
What is the remainder when 3957 is divided by 34?
13
What is the remainder when 60 is divided by 60?
0
Calculate the remainder when 577 is divided by 22.
5
Calculate the remainder when 1022 is divided by 11.
10
Calculate the remainder when 843 is divided by 94.
91
What is the remainder when 53 is divided by 44?
9
Calculate the remainder when 14793 is divided by 4.
1
What is the remainder when 186 is divided by 121?
65
What is the remainder when 88 is divided by 34?
20
What is the remainder when 77 is divided by 64?
13
Calculate the remainder when 120 is divided by 54.
12
What is the remainder when 854 is divided by 171?
170
Calculate the remainder when 1170 is divided by 47.
42
What is the remainder when 2924 is divided by 13?
12
What is the remainder when 13558 is divided by 91?
90
What is the remainder when 956 is divided by 29?
28
What is the remainder when 430 is divided by 72?
70
What is the remainder when 1051 is divided by 73?
29
What is the remainder when 293 is divided by 33?
29
What is the remainder when 1785 is divided by 3?
0
What is the remainder when 150 is divided by 5?
0
What is the remainder when 718 is divided by 80?
78
What is the remainder when 39 is divided by 23?
16
What is the remainder when 845 is divided by 145?
120
What is the remainder when 430 is divided by 101?
26
What is the remainder when 862 is divided by 1?
0
Calculate the remainder when 3163 is divided by 1049.
16
Calculate the remainder when 3072 is divided by 109.
20
Calculate the remainder when 1095 is divided by 364.
3
What is the remainder when 150 is divided by 26?
20
Calculate the remainder when 32 is divided by 3.
2
Calculate the remainder when 1415 is divided by 107.
24
What is the remainder when 22 is divided by 13?
9
Calculate the remainder when 1302 is divided by 1284.
18
Calculate the remainder when 265 is divided by 108.
49
Calculate the remainder when 8440 is divided by 338.
328
Calculate the remainder when 109 is divided by 3.
1
Calculate the remainder when 174 is divided by 45.
39
Calculate the remainder when 637 is divided by 318.
1
What is the remainder when 97 is divided by 25?
22
Calculate the remainder when 99 is divided by 15.
9
What is the remainder when 7711 is divided by 16?
15
Calculate the remainder when 99 is divided by 11.
0
What is the remainder when 477 is divided by 60?
57
Calculate the remainder when 196 is divided by 35.
21
Calculate the remainder when 352 is divided by 341.
11
What is the remainder when 165 is divided by 13?
9
Calculate the remainder when 1043 is divided by 68.
23
What is the remainder when 9 is divided by 6?
3
Calculate the remainder when 1250 is divided by 65.
15
Calculate the remainder when 641 is divided by 46.
43
Calculate the remainder when 233 is divided by 24.
17
Calculate the remainder when 940 is divided by 94.
0
Calculate the remainder when 138 is divided by 75.
63
What is the remainder when 23 is divided by 2?
1
What is the remainder when 170 is divided by 29?
25
What is the remainder when 140 is divided by 105?
35
What is the remainder when 434 is divided by 5?
4
Calculate the remainder when 714 is divided by 4.
2
Calculate the remainder when 286 is divided by 37.
27
What is the remainder when 167 is divided by 48?
23
What is the remainder when 407 is divided by 80?
7
Calculate the remainder when 37 is divided by 17.
3
Calculate the remainder when 56 is divided by 14.
0
Calculate the remainder when 2173 is divided by 28.
17
What is the remainder when 43 is divided by 12?
7
Calculate the remainder when 131 is divided by 57.
17
Calculate the remainder when 41 is divided by 9.
5
What is the remainder when 61 is divided by 60?
1
What is the remainder when 2893 is divided by 96?
13
What is the remainder when 228 is divided by 92?
44
What is the remainder when 1418 is divided by 10?
8
What is the remainder when 26 is divided by 14?
12
What is the remainder when 116 is divided by 37?
5
Calculate the remainder when 2854 is divided by 26.
20
What is the remainder when 111 is divided by 4?
3
Calculate the remainder when 47 is divided by 40.
7
What is the remainder when 92 is divided by 59?
33
Calculate the remainder when 15573 is divided by 20.
13
Calculate the remainder when 5086 is divided by 96.
94
Calculate the remainder when 266 is divided by 234.
32
Calculate the remainder when 244 is divided by 35.
34
What is the remainder when 297 is divided by 3?
0
What is the remainder when 103 is divided by 46?
11
Calculate the remainder when 362 is divided by 16.
10
What is the remainder when 177 is divided by 46?
39
Calculate the remainder when 1000 is divided by 18.
10
What is the remainder when 1381 is divided by 45?
31
Calculate the remainder when 1354 is divided by 148.
22
Calculate the remainder when 137 is divided by 62.
13
What is the remainder when 2105 is divided by 18?
17
Calculate the remainder when 1308 is divided by 25.
8
Calculate the remainder when 1373 is divided by 135.
23
What is the remainder when 10 is divided by 4?
2
What is the remainder when 77 is divided by 5?
2
Calculate the remainder when 3943 is divided by 17.
16
Calculate the remainder when 381 is divided by 78.
69
Calculate the remainder when 472 is divided by 414.
58
What is the remainder when 960 is divided by 103?
33
Calculate the remainder when 17 is divided by 17.
0
Calculate the remainder when 76 is divided by 16.
12
Calculate the remainder when 145 is divided by 44.
13
What is the remainder when 234 is divided by 119?
115
What is the remainder when 1723 is divided by 25?
23
Calculate the remainder when 964 is divided by 246.
226
Calculate the remainder when 787 is divided by 144.
67
Calculate the remainder when 1053 is divided by 206.
23
What is the remainder when 1382 is divided by 39?
17
Calculate the remainder when 334 is divided by 28.
26
Calculate the remainder when 29637 is divided by 60.
57
What is the remainder when 439 is divided by 10?
9
What is the remainder when 40 is divided by 16?
8
Calculate the remainder when 29238 is divided by 136.
134
Calculate the remainder when 149 is divided by 14.
9
What is the remainder when 270 is divided by 57?
42
What is the remainder when 2088 is divided by 110?
108
Calculate the remainder when 92 is divided by 71.
21
Calculate the remainder when 422 is divided by 7.
2
Calculate the remainder when 230 is divided by 47.
42
Calculate the remainder when 99 is divided by 44.
11
Calculate the remainder when 317 is divided by 19.
13
What is the remainder when 6796 is divided by 68?
64
Calculate the remainder when 104 is divided by 27.
23
Calculate the remainder when 38 is divided by 2.
0
Calculate the remainder when 344 is divided by 32.
24
Calculate the remainder when 565 is divided by 183.
16
What is the remainder when 80 is divided by 70?
10
What is the remainder when 12521 is divided by 15?
11
What is the remainder when 329 is divided by 33?
32
What is the remainder when 4687 is divided by 67?
64
What is the remainder when 393 is divided by 12?
9
Calculate the remainder when 334 is divided by 93.
55
Calculate the remainder when 3320 is divided by 27.
26
What is the remainder when 4788 is divided by 252?
0
What is the remainder when 2195 is divided by 242?
17
What is the remainder when 59 is divided by 8?
3
Calculate the remainder when 223 is divided by 12.
7
What is the remainder when 114 is divided by 29?
27
Calculate the remainder when 1195 is divided by 133.
131